{"id":1317,"date":"2022-08-23T11:39:21","date_gmt":"2022-08-23T14:39:21","guid":{"rendered":"https:\/\/adgdistribuciones.com.ar\/?page_id=1317"},"modified":"2022-09-02T16:28:53","modified_gmt":"2022-09-02T19:28:53","slug":"cervezas","status":"publish","type":"page","link":"https:\/\/adgdistribuciones.com.ar\/?page_id=1317","title":{"rendered":"Cervezas"},"content":{"rendered":"\t\t<div data-elementor-type=\"wp-page\" data-elementor-id=\"1317\" class=\"elementor elementor-1317\">\n\t\t\t\t\t\t\t\t\t<section class=\"elementor-section elementor-top-section elementor-element elementor-element-9eaf91c elementor-section-full_width elementor-hidden-tablet elementor-hidden-mobile elementor-section-height-default elementor-section-height-default\" data-id=\"9eaf91c\" data-element_type=\"section\">\n\t\t\t\t\t\t<div class=\"elementor-container elementor-column-gap-default\">\n\t\t\t\t\t<div class=\"elementor-column elementor-col-100 elementor-top-column elementor-element elementor-element-22832313\" data-id=\"22832313\" data-element_type=\"column\">\n\t\t\t<div class=\"elementor-widget-wrap elementor-element-populated\">\n\t\t\t\t\t\t\t\t<div class=\"elementor-element elementor-element-270c6404 elementor-widget elementor-widget-image\" data-id=\"270c6404\" data-element_type=\"widget\" data-widget_type=\"image.default\">\n\t\t\t\t<div class=\"elementor-widget-container\">\n\t\t\t<style>\/*! elementor - v3.6.8 - 27-07-2022 *\/\n.elementor-widget-image{text-align:center}.elementor-widget-image a{display:inline-block}.elementor-widget-image a img[src$=\".svg\"]{width:48px}.elementor-widget-image img{vertical-align:middle;display:inline-block}<\/style>\t\t\t\t\t\t\t\t\t\t\t\t<img decoding=\"async\" loading=\"lazy\" width=\"1081\" height=\"301\" src=\"https:\/\/adgdistribuciones.com.ar\/wp-content\/uploads\/2022\/08\/banners-06.jpg\" class=\"attachment-full size-full\" alt=\"\" srcset=\"https:\/\/adgdistribuciones.com.ar\/wp-content\/uploads\/2022\/08\/banners-06.jpg 1081w, https:\/\/adgdistribuciones.com.ar\/wp-content\/uploads\/2022\/08\/banners-06-300x84.jpg 300w, https:\/\/adgdistribuciones.com.ar\/wp-content\/uploads\/2022\/08\/banners-06-1024x285.jpg 1024w, https:\/\/adgdistribuciones.com.ar\/wp-content\/uploads\/2022\/08\/banners-06-768x214.jpg 768w, https:\/\/adgdistribuciones.com.ar\/wp-content\/uploads\/2022\/08\/banners-06-600x167.jpg 600w\" sizes=\"(max-width: 1081px) 100vw, 1081px\" \/>\t\t\t\t\t\t\t\t\t\t\t\t\t\t\t<\/div>\n\t\t\t\t<\/div>\n\t\t\t\t\t<\/div>\n\t\t<\/div>\n\t\t\t\t\t\t\t<\/div>\n\t\t<\/section>\n\t\t\t\t<section class=\"elementor-section elementor-top-section elementor-element elementor-element-56ce3a31 elementor-section-full_width elementor-section-height-default elementor-section-height-default\" data-id=\"56ce3a31\" data-element_type=\"section\">\n\t\t\t\t\t\t<div class=\"elementor-container elementor-column-gap-default\">\n\t\t\t\t\t<div class=\"elementor-column elementor-col-100 elementor-top-column elementor-element elementor-element-13d8a7df\" data-id=\"13d8a7df\" data-element_type=\"column\">\n\t\t\t<div class=\"elementor-widget-wrap elementor-element-populated\">\n\t\t\t\t\t\t\t\t<div class=\"elementor-element elementor-element-51881e5f elementor-hidden-desktop elementor-widget elementor-widget-image\" data-id=\"51881e5f\" data-element_type=\"widget\" data-widget_type=\"image.default\">\n\t\t\t\t<div class=\"elementor-widget-container\">\n\t\t\t\t\t\t\t\t\t\t\t\t\t\t\t<img decoding=\"async\" loading=\"lazy\" width=\"721\" height=\"721\" src=\"https:\/\/adgdistribuciones.com.ar\/wp-content\/uploads\/2022\/08\/banner-responsive-07.jpg\" class=\"attachment-full size-full\" alt=\"\" srcset=\"https:\/\/adgdistribuciones.com.ar\/wp-content\/uploads\/2022\/08\/banner-responsive-07.jpg 721w, https:\/\/adgdistribuciones.com.ar\/wp-content\/uploads\/2022\/08\/banner-responsive-07-300x300.jpg 300w, https:\/\/adgdistribuciones.com.ar\/wp-content\/uploads\/2022\/08\/banner-responsive-07-150x150.jpg 150w, https:\/\/adgdistribuciones.com.ar\/wp-content\/uploads\/2022\/08\/banner-responsive-07-600x600.jpg 600w, https:\/\/adgdistribuciones.com.ar\/wp-content\/uploads\/2022\/08\/banner-responsive-07-100x100.jpg 100w\" sizes=\"(max-width: 721px) 100vw, 721px\" \/>\t\t\t\t\t\t\t\t\t\t\t\t\t\t\t<\/div>\n\t\t\t\t<\/div>\n\t\t\t\t\t<\/div>\n\t\t<\/div>\n\t\t\t\t\t\t\t<\/div>\n\t\t<\/section>\n\t\t\t\t<section class=\"elementor-section elementor-top-section elementor-element elementor-element-46dc74c6 elementor-section-full_width elementor-section-height-default elementor-section-height-default\" data-id=\"46dc74c6\" data-element_type=\"section\">\n\t\t\t\t\t\t<div class=\"elementor-container elementor-column-gap-default\">\n\t\t\t\t\t<div class=\"elementor-column elementor-col-100 elementor-top-column elementor-element elementor-element-7b47d6df\" data-id=\"7b47d6df\" data-element_type=\"column\">\n\t\t\t<div class=\"elementor-widget-wrap elementor-element-populated\">\n\t\t\t\t\t\t\t\t<section class=\"elementor-section elementor-inner-section elementor-element elementor-element-7709ea99 elementor-section-full_width elementor-section-height-default elementor-section-height-default\" data-id=\"7709ea99\" data-element_type=\"section\" data-settings=\"{&quot;background_background&quot;:&quot;classic&quot;}\">\n\t\t\t\t\t\t<div class=\"elementor-container elementor-column-gap-default\">\n\t\t\t\t\t<div class=\"elementor-column elementor-col-100 elementor-inner-column elementor-element elementor-element-234a40a9\" data-id=\"234a40a9\" data-element_type=\"column\" data-settings=\"{&quot;background_background&quot;:&quot;classic&quot;}\">\n\t\t\t<div class=\"elementor-widget-wrap elementor-element-populated\">\n\t\t\t\t\t\t\t\t<div class=\"elementor-element elementor-element-5c4cb089 elementor-grid-3 elementor-product-loop-item--align-center elementor-grid-tablet-3 elementor-grid-mobile-2 elementor-products-grid elementor-wc-products elementor-show-pagination-border-yes elementor-widget elementor-widget-woocommerce-products\" data-id=\"5c4cb089\" data-element_type=\"widget\" id=\"shop-principal\" data-widget_type=\"woocommerce-products.default\">\n\t\t\t\t<div class=\"elementor-widget-container\">\n\t\t\t<link rel=\"stylesheet\" href=\"https:\/\/adgdistribuciones.com.ar\/wp-content\/plugins\/elementor-pro\/assets\/css\/widget-woocommerce.min.css\"><div class=\"woocommerce columns-3 \"><div class=\"woocommerce-notices-wrapper\"><\/div><ul class=\"products elementor-grid columns-3\">\n<li class=\"product type-product post-2188 status-publish first instock product_cat-cervezas has-post-thumbnail shipping-taxable product-type-simple\">\n\t<a href=\"https:\/\/adgdistribuciones.com.ar\/?product=cerveza-cider-beer-barba-roja\" class=\"woocommerce-LoopProduct-link woocommerce-loop-product__link\"><img loading=\"lazy\" width=\"300\" height=\"457\" src=\"https:\/\/adgdistribuciones.com.ar\/wp-content\/uploads\/2022\/09\/26-Cerveza-Cider-Beer-Barba-Roja-300x457.jpg\" class=\"attachment-woocommerce_thumbnail size-woocommerce_thumbnail\" alt=\"\" decoding=\"async\" \/><h2 class=\"woocommerce-loop-product__title\">Cerveza Cider Beer &#8211; Barba Roja<\/h2>\n<\/a><a href=\"https:\/\/adgdistribuciones.com.ar\/?product=cerveza-cider-beer-barba-roja\" data-quantity=\"1\" class=\"button product_type_simple\" data-product_id=\"2188\" data-product_sku=\"\" aria-label=\"Le\u00e9 m\u00e1s sobre &ldquo;Cerveza Cider Beer - Barba Roja&rdquo;\" rel=\"nofollow\">Leer m\u00e1s<\/a><\/li>\n<li class=\"product type-product post-2187 status-publish instock product_cat-cervezas has-post-thumbnail shipping-taxable product-type-simple\">\n\t<a href=\"https:\/\/adgdistribuciones.com.ar\/?product=cerveza-ley-seca-barba-roja\" class=\"woocommerce-LoopProduct-link woocommerce-loop-product__link\"><img loading=\"lazy\" width=\"300\" height=\"457\" src=\"https:\/\/adgdistribuciones.com.ar\/wp-content\/uploads\/2022\/09\/25-Cerveza-Ley-Seca-Barba-Roja-300x457.jpg\" class=\"attachment-woocommerce_thumbnail size-woocommerce_thumbnail\" alt=\"\" decoding=\"async\" \/><h2 class=\"woocommerce-loop-product__title\">Cerveza Ley Seca &#8211; Barba Roja<\/h2>\n<\/a><a href=\"https:\/\/adgdistribuciones.com.ar\/?product=cerveza-ley-seca-barba-roja\" data-quantity=\"1\" class=\"button product_type_simple\" data-product_id=\"2187\" data-product_sku=\"\" aria-label=\"Le\u00e9 m\u00e1s sobre &ldquo;Cerveza Ley Seca - Barba Roja&rdquo;\" rel=\"nofollow\">Leer m\u00e1s<\/a><\/li>\n<li class=\"product type-product post-2186 status-publish last instock product_cat-cervezas has-post-thumbnail shipping-taxable product-type-simple\">\n\t<a href=\"https:\/\/adgdistribuciones.com.ar\/?product=cerveza-revolucion-barba-roja\" class=\"woocommerce-LoopProduct-link woocommerce-loop-product__link\"><img loading=\"lazy\" width=\"300\" height=\"457\" src=\"https:\/\/adgdistribuciones.com.ar\/wp-content\/uploads\/2022\/09\/24-Cerveza-Revolucion-Barba-Roja-300x457.jpg\" class=\"attachment-woocommerce_thumbnail size-woocommerce_thumbnail\" alt=\"\" decoding=\"async\" \/><h2 class=\"woocommerce-loop-product__title\">Cerveza Revoluci\u00f3n &#8211; Barba Roja<\/h2>\n<\/a><a href=\"https:\/\/adgdistribuciones.com.ar\/?product=cerveza-revolucion-barba-roja\" data-quantity=\"1\" class=\"button product_type_simple\" data-product_id=\"2186\" data-product_sku=\"\" aria-label=\"Le\u00e9 m\u00e1s sobre &ldquo;Cerveza Revoluci\u00f3n - Barba Roja&rdquo;\" rel=\"nofollow\">Leer m\u00e1s<\/a><\/li>\n<li class=\"product type-product post-2185 status-publish first instock product_cat-cervezas has-post-thumbnail shipping-taxable product-type-simple\">\n\t<a href=\"https:\/\/adgdistribuciones.com.ar\/?product=cerveza-strong-red-ale-barba-roja\" class=\"woocommerce-LoopProduct-link woocommerce-loop-product__link\"><img loading=\"lazy\" width=\"300\" height=\"457\" src=\"https:\/\/adgdistribuciones.com.ar\/wp-content\/uploads\/2022\/09\/23-Cerveza-Strong-Red-Ale-Barba-Roja-300x457.jpg\" class=\"attachment-woocommerce_thumbnail size-woocommerce_thumbnail\" alt=\"\" decoding=\"async\" \/><h2 class=\"woocommerce-loop-product__title\">Cerveza Strong Red Ale &#8211; Barba Roja<\/h2>\n<\/a><a href=\"https:\/\/adgdistribuciones.com.ar\/?product=cerveza-strong-red-ale-barba-roja\" data-quantity=\"1\" class=\"button product_type_simple\" data-product_id=\"2185\" data-product_sku=\"\" aria-label=\"Le\u00e9 m\u00e1s sobre &ldquo;Cerveza Strong Red Ale - Barba Roja&rdquo;\" rel=\"nofollow\">Leer m\u00e1s<\/a><\/li>\n<li class=\"product type-product post-2184 status-publish instock product_cat-cervezas has-post-thumbnail shipping-taxable product-type-simple\">\n\t<a href=\"https:\/\/adgdistribuciones.com.ar\/?product=cerveza-noche-azul-rubia-sin-alcohol-barba-roja\" class=\"woocommerce-LoopProduct-link woocommerce-loop-product__link\"><img loading=\"lazy\" width=\"300\" height=\"457\" src=\"https:\/\/adgdistribuciones.com.ar\/wp-content\/uploads\/2022\/09\/22-Cerveza-Noche-Azul-rubia-sin-alcohol-Barba-Roja-300x457.jpg\" class=\"attachment-woocommerce_thumbnail size-woocommerce_thumbnail\" alt=\"\" decoding=\"async\" \/><h2 class=\"woocommerce-loop-product__title\">Cerveza Noche Azul rubia sin alcohol &#8211; Barba Roja<\/h2>\n<\/a><a href=\"https:\/\/adgdistribuciones.com.ar\/?product=cerveza-noche-azul-rubia-sin-alcohol-barba-roja\" data-quantity=\"1\" class=\"button product_type_simple\" data-product_id=\"2184\" data-product_sku=\"\" aria-label=\"Le\u00e9 m\u00e1s sobre &ldquo;Cerveza Noche Azul rubia sin alcohol - Barba Roja&rdquo;\" rel=\"nofollow\">Leer m\u00e1s<\/a><\/li>\n<li class=\"product type-product post-2183 status-publish last instock product_cat-cervezas has-post-thumbnail shipping-taxable product-type-simple\">\n\t<a href=\"https:\/\/adgdistribuciones.com.ar\/?product=cerveza-maltzbier-barba-roja\" class=\"woocommerce-LoopProduct-link woocommerce-loop-product__link\"><img loading=\"lazy\" width=\"300\" height=\"457\" src=\"https:\/\/adgdistribuciones.com.ar\/wp-content\/uploads\/2022\/09\/21-Cerveza-Maltzbier-Barba-Roja-300x457.jpg\" class=\"attachment-woocommerce_thumbnail size-woocommerce_thumbnail\" alt=\"\" decoding=\"async\" \/><h2 class=\"woocommerce-loop-product__title\">Cerveza Maltzbier &#8211; Barba Roja<\/h2>\n<\/a><a href=\"https:\/\/adgdistribuciones.com.ar\/?product=cerveza-maltzbier-barba-roja\" data-quantity=\"1\" class=\"button product_type_simple\" data-product_id=\"2183\" data-product_sku=\"\" aria-label=\"Le\u00e9 m\u00e1s sobre &ldquo;Cerveza Maltzbier - Barba Roja&rdquo;\" rel=\"nofollow\">Leer m\u00e1s<\/a><\/li>\n<li class=\"product type-product post-2182 status-publish first instock product_cat-cervezas has-post-thumbnail shipping-taxable product-type-simple\">\n\t<a href=\"https:\/\/adgdistribuciones.com.ar\/?product=cerveza-morena-barba-roja\" class=\"woocommerce-LoopProduct-link woocommerce-loop-product__link\"><img loading=\"lazy\" width=\"300\" height=\"457\" src=\"https:\/\/adgdistribuciones.com.ar\/wp-content\/uploads\/2022\/09\/20-Cerveza-Morena-Barba-Roja-300x457.jpg\" class=\"attachment-woocommerce_thumbnail size-woocommerce_thumbnail\" alt=\"\" decoding=\"async\" \/><h2 class=\"woocommerce-loop-product__title\">Cerveza Morena &#8211; Barba Roja<\/h2>\n<\/a><a href=\"https:\/\/adgdistribuciones.com.ar\/?product=cerveza-morena-barba-roja\" data-quantity=\"1\" class=\"button product_type_simple\" data-product_id=\"2182\" data-product_sku=\"\" aria-label=\"Le\u00e9 m\u00e1s sobre &ldquo;Cerveza Morena - Barba Roja&rdquo;\" rel=\"nofollow\">Leer m\u00e1s<\/a><\/li>\n<li class=\"product type-product post-2181 status-publish instock product_cat-cervezas has-post-thumbnail shipping-taxable product-type-simple\">\n\t<a href=\"https:\/\/adgdistribuciones.com.ar\/?product=cerveza-calafate-barba-roja\" class=\"woocommerce-LoopProduct-link woocommerce-loop-product__link\"><img loading=\"lazy\" width=\"300\" height=\"457\" src=\"https:\/\/adgdistribuciones.com.ar\/wp-content\/uploads\/2022\/09\/19-Cerveza-Calafate-Barba-Roja-300x457.jpg\" class=\"attachment-woocommerce_thumbnail size-woocommerce_thumbnail\" alt=\"\" decoding=\"async\" \/><h2 class=\"woocommerce-loop-product__title\">Cerveza Calafate &#8211; Barba Roja<\/h2>\n<\/a><a href=\"https:\/\/adgdistribuciones.com.ar\/?product=cerveza-calafate-barba-roja\" data-quantity=\"1\" class=\"button product_type_simple\" data-product_id=\"2181\" data-product_sku=\"\" aria-label=\"Le\u00e9 m\u00e1s sobre &ldquo;Cerveza Calafate - Barba Roja&rdquo;\" rel=\"nofollow\">Leer m\u00e1s<\/a><\/li>\n<li class=\"product type-product post-2180 status-publish last instock product_cat-cervezas has-post-thumbnail shipping-taxable product-type-simple\">\n\t<a href=\"https:\/\/adgdistribuciones.com.ar\/?product=cerveza-cuarentena-beer-barba-roja\" class=\"woocommerce-LoopProduct-link woocommerce-loop-product__link\"><img loading=\"lazy\" width=\"300\" height=\"457\" src=\"https:\/\/adgdistribuciones.com.ar\/wp-content\/uploads\/2022\/09\/18-Cerveza-Cuarentena-Beer-Barba-Roja-300x457.jpg\" class=\"attachment-woocommerce_thumbnail size-woocommerce_thumbnail\" alt=\"\" decoding=\"async\" \/><h2 class=\"woocommerce-loop-product__title\">Cerveza Cuarentena Beer &#8211; Barba Roja<\/h2>\n<\/a><a href=\"https:\/\/adgdistribuciones.com.ar\/?product=cerveza-cuarentena-beer-barba-roja\" data-quantity=\"1\" class=\"button product_type_simple\" data-product_id=\"2180\" data-product_sku=\"\" aria-label=\"Le\u00e9 m\u00e1s sobre &ldquo;Cerveza Cuarentena Beer - Barba Roja&rdquo;\" rel=\"nofollow\">Leer m\u00e1s<\/a><\/li>\n<\/ul>\n<nav class=\"woocommerce-pagination\">\n\t<ul class='page-numbers'>\n\t<li><span aria-current=\"page\" class=\"page-numbers current\">1<\/span><\/li>\n\t<li><a class=\"page-numbers\" href=\"\/index.php?rest_route=%2Fwp%2Fv2%2Fpages%2F1317&#038;product-page=2\">2<\/a><\/li>\n\t<li><a class=\"page-numbers\" href=\"\/index.php?rest_route=%2Fwp%2Fv2%2Fpages%2F1317&#038;product-page=3\">3<\/a><\/li>\n\t<li><a class=\"next page-numbers\" href=\"\/index.php?rest_route=%2Fwp%2Fv2%2Fpages%2F1317&#038;product-page=2\">&rarr;<\/a><\/li>\n<\/ul>\n<\/nav>\n<\/div>\t\t<\/div>\n\t\t\t\t<\/div>\n\t\t\t\t\t<\/div>\n\t\t<\/div>\n\t\t\t\t\t\t\t<\/div>\n\t\t<\/section>\n\t\t\t\t\t<\/div>\n\t\t<\/div>\n\t\t\t\t\t\t\t<\/div>\n\t\t<\/section>\n\t\t\t\t\t\t\t<\/div>\n\t\t","protected":false},"excerpt":{"rendered":"","protected":false},"author":1,"featured_media":0,"parent":0,"menu_order":0,"comment_status":"closed","ping_status":"closed","template":"","meta":{"footnotes":"","_joinchat":[]},"_links":{"self":[{"href":"https:\/\/adgdistribuciones.com.ar\/index.php?rest_route=\/wp\/v2\/pages\/1317"}],"collection":[{"href":"https:\/\/adgdistribuciones.com.ar\/index.php?rest_route=\/wp\/v2\/pages"}],"about":[{"href":"https:\/\/adgdistribuciones.com.ar\/index.php?rest_route=\/wp\/v2\/types\/page"}],"author":[{"embeddable":true,"href":"https:\/\/adgdistribuciones.com.ar\/index.php?rest_route=\/wp\/v2\/users\/1"}],"replies":[{"embeddable":true,"href":"https:\/\/adgdistribuciones.com.ar\/index.php?rest_route=%2Fwp%2Fv2%2Fcomments&post=1317"}],"version-history":[{"count":10,"href":"https:\/\/adgdistribuciones.com.ar\/index.php?rest_route=\/wp\/v2\/pages\/1317\/revisions"}],"predecessor-version":[{"id":1669,"href":"https:\/\/adgdistribuciones.com.ar\/index.php?rest_route=\/wp\/v2\/pages\/1317\/revisions\/1669"}],"wp:attachment":[{"href":"https:\/\/adgdistribuciones.com.ar\/index.php?rest_route=%2Fwp%2Fv2%2Fmedia&parent=1317"}],"curies":[{"name":"wp","href":"https:\/\/api.w.org\/{rel}","templated":true}]}}